or of c and 90?
10
Suppose 73*w - 2800 = 81*w. Suppose -4*v + 0*v = t - 30, 55 = 4*t + 3*v. Let q be w/(-11) + t/55. What is the highest common divisor of q and 8?
8
Let t = 45 + -39. Let c be ((-17)/2)/((-1)/t). Calculate the greatest common divisor of 34 and c.
17
Let t be 2 - (-3 - -5)*-9. Let y = t + -20. Let h be (-2)/4*(-28 - y). Calculate the greatest common divisor of h and 98.
14
Let l = 209 - 188. Calculate the greatest common divisor of l and 182.
7
Let z = 1 - 10. Let r(i) = i**3 + 8*i**2 - 12*i - 10. Let d be r(z). Let f = d - 9. What is the greatest common factor of f and 1?
1
Let f = 270 - 265. What is the greatest common divisor of 25 and f?
5
Let w = 59 + 25. Suppose 0 = -n + 7*n - w. What is the highest common factor of n and 21?
7
Suppose 2*h = -2*h + 84. Suppose -t = -x - h - 10, -t + 4*x + 34 = 0. Calculate the greatest common divisor of 330 and t.
30
Let n(y) = 4*y**2 + 0*y - 9 + 0*y + y - 6*y. Let x be n(-4). Calculate the highest common factor of x and 30.
15
Let v be (7 - 8)/(1/(-5)). Suppose 3*j = 0, -22 = -4*y + v*j + 74. Suppose -4*w + 12 = -0*w. What is the greatest common divisor of w and y?
3
Suppose -7 = -3*r - 2*u + 2, -10 = -5*r - 5*u. Suppose -89 = -4*o - p, -2*o + 57 = -2*p + r*p. Calculate the highest common factor of 84 and o.
21
Let n(o) = -30*o**3 - 13*o**2 - 12*o - 5. Let z be n(-2). What is the highest common divisor of z and 18?
9
Let m = -45 + 48. Suppose -m - 6 = -f. What is the highest common factor of 9 and f?
9
Let z = -865 + 956. Calculate the greatest common factor of z and 637.
91
Suppose 5*h + 3 = -3*t + 37, -t - 22 = -5*h. Let q(k) = 5 - 3 + 6 - k - k. Let d be q(t). What is the highest common divisor of 10 and d?
2
Suppose 0 = 5*t - 7*t + 3*w + 63, 3*t - 94 = 4*w. Suppose -63 = -3*b + b + l, 5*b - 2*l = 159. Let q = 12 + b. What is the greatest common divisor of t and q?
15
Let c be 4*3 + (1 - 1). Let x(p) = p**2 - 14*p + 25. Let w be x(c). What is the highest common divisor of 5 and w?
1
Let n(s) = s**3 + s**2 + s + 10. Let l(h) = h - 5. Let v be l(5). Let c be n(v). Suppose -300 = -8*o + 5*o. What is the greatest common divisor of c and o?
10
Let n be (-2)/13 + (-75)/(-65). Let l be n/5 + (-1)/(5/(-4)). Calculate the greatest common divisor of l and 3.
1
Let m be 11 + (-8)/6*3. What is the greatest common divisor of 707 and m?
7
Let n be (696/28)/((-1)/(-7)). Let k = n + -62. Calculate the highest common factor of 16 and k.
16
Suppose -7*z = -10*z - 393. Let n = 381 + z. Let h be n/3*(-6)/(-5). What is the highest common divisor of h and 25?
25
Let t(o) = 11 + 9*o**2 + 10*o - 4*o**2 - 6*o**2. Let f be t(10). What is the greatest common factor of 11 and f?
11
Suppose 0*o + 8 = o. Let t be (0 + o)*2/4. Let q be (32/(-10))/((-24 + 16)/80). What is the greatest common factor of t and q?
4
Let y be 1/2*(76 + 2). Suppose -3*u = -s - 8 + 9, s - 5 = 2*u. What is the greatest common factor of s and y?
13
Let h(o) = -o**3 - 9*o**2 - 11*o - 1. Let a be h(-6). Let u = 17 - a. Let f be 6/((8/(-10))/(-2)). Calculate the highest common divisor of u and f.
15
Let s = 539 - 490. What is the highest common divisor of 35 and s?
7
Let v = -3 + 1. Suppose -7*t + 3*t - 60 = 0. Let p = v - t. Calculate the greatest common factor of 91 and p.
13
Let s(u) = 2*u**2 - 6*u - 15. Let z be s(6). Calculate the highest common factor of z and 9.
3
Suppose 20 = -5*t, s - 2*t + 627 = -4*s. Let l = s + 248. Calculate the greatest common factor of l and 11.
11
Let v(b) = b**2 + 7*b - 10. Let x be v(-7). Let u be (5/x)/((-2)/4). Let g be (-3 + -3)/3 + 0 - -5. Calculate the highest common divisor of u and g.
1
Suppose -15 = -4*a + 45. Suppose 12*d + 72 = a*d. What is the greatest common divisor of d and 216?
24
Suppose 3*g = 5*o - 168, -2*o + 85 - 15 = -4*g. What is the greatest common factor of 9 and o?
3
Let z(n) = 7*n**2 - 2*n + 4. Let p be z(-3). Let l = -3 + p. Suppose -4*v = -15*y + 17*y - 48, -30 = -y + v. What is the greatest common divisor of y and l?
14
Let j(a) = 3*a**2 + 11*a + 5. Let u be j(-4). What is the greatest common divisor of 171 and u?
9
Let a = 131 + -119. Let x(h) = h**3 + 4*h**2 + 3. Let v be x(-3). Calculate the greatest common divisor of a and v.
12
Let j(a) = -648*a - 3. Let m be j(3). Let r be m/(-22) - 3/(-2). Calculate the greatest common factor of 30 and r.
30
Suppose 0*n = 3*o - 2*n - 234, -5*o - 3*n = -390. Suppose 0 = a - 4*a + o. Calculate the highest common divisor of 286 and a.
26
Let d(i) = 6*i**3 + i**2 - 1. Let c be d(1). Suppose 10 = -5*a, 2*a = -2*x + 6*x - 100. Calculate the greatest common factor of x and c.
6
Let v = 704 + -431. Calculate the highest common factor of 21 and v.
21
Suppose 342*v - 1500 = 337*v. What is the greatest common divisor of 132 and v?
12
Let m be (-5)/6 - (-44445)/90. Calculate the highest common divisor of 17 and m.
17
Let r be (1032/(-1161))/((-2)/45). What is the greatest common divisor of 70 and r?
10
Suppose -6 = -2*i - 2*k, 7 = 3*i + k - 4. Suppose d + 12 = i*d. Suppose -d*l - 13 = -73. What is the highest common factor of l and 6?
3
Let s = 17 + 2. Let k(a) = -a**3 - 3*a**2 + 3*a - 5. Let u be k(-4). Let p be (u/(-3))/(1/57). Calculate the highest common factor of p and s.
19
Let a be 1 + (0 - (-14 - -3)). Let j(x) = x + 3. Let t be j(a). Calculate the greatest common divisor of t and 15.
15
Suppose 256 = 4*r - 2*g, -4*r + 38*g - 33*g + 262 = 0. Calculate the greatest common divisor of 27 and r.
9
Let t(i) = i**3 + i**2 + 4*i - 4. Suppose -2*h = r - 6, 5*r = -2*h + 7*h - 15. Let l be t(h). What is the highest common factor of l and 11?
11
Let o be ((-1)/(-3))/(2/12). Suppose -3*m = 3*f - 24, -m - f = 4*m - 40. Calculate the greatest common factor of m and o.
2
Let x(y) = 0*y + 5 - 7*y**2 + y**3 - 9*y + 0*y + 2. Let a be x(8). Let r be (638 + -3)/5 + a. Calculate the highest common divisor of 14 and r.
14
Suppose 0 = 4*q - 30 - 6. Suppose -32 = -3*d - 2*c, d - 44 = -3*d - 2*c. Suppose 7*g + d = q*g. Calculate the greatest common factor of 12 and g.
6
Let m(d) = -d**3 - 2*d**2 + 2*d - 4. Let y be m(-3). Let h be (2 - y)/((-6)/236). Let v = 210 + h. What is the highest common divisor of 23 and v?
23
Suppose h = -2*w + 3*w + 2, w = 2. Suppose 4 = -3*r + h*r. Calculate the greatest common factor of r and 1.
1
Let y = 1390 + -880. What is the greatest common divisor of 20 and y?
10
Let t be (-2 - -3)/(-3) + 74/6. Calculate the highest common divisor of 12 and t.
12
Let c = -27 - -17. Let x = 18 - c. Let r = -11 + 25. What is the highest common divisor of r and x?
14
Let o(j) be the first derivative of 3/2*j**2 - 9*j + 1/4*j**4 + 5 - 2*j**3. Let p be o(6). What is the greatest common divisor of p and 6?
3
Let o be 3527/(-3) - (-12)/(-36). Let w = 1932 + o. Suppose w = -a + 7*a. Calculate the highest common factor of 14 and a.
14
Let w be (((-16)/(-10))/(-2))/((-11)/330). What is the highest common factor of w and 30?
6
Let n(a) = -a**2 - 8*a. Let x be n(-4). Let l be (-6)/4*-108 - 2. Suppose -g = -5*g + l. Calculate the highest common divisor of g and x.
8
Suppose -6*n - 63 = -9*n. Calculate the greatest common divisor of n and 154.
7
Let u(s) = 4*s + 4. Let g be u(7). Suppose -4*a - n - 3*n = -g, 3*a - 42 = 3*n. What is the highest common factor of 44 and a?
11
Suppose 4*q = 9*q - 145. Let f(b) = 19*b**2 + b. Let x be f(3). Calculate the highest common factor of x and q.
29
Let h(n) = 5*n + 324. Let o be h(10). What is the greatest common divisor of o and 22?
22
Let b(k) = 26*k**2 + 3*k - 4. Let v be b(-3). Let n = 8659 - 8646. What is the highest common divisor of v and n?
13
Suppose -11*m = 36*m - 1081. What is the highest common divisor of 713 and m?
23
Let p(w) = -13*w - 9. Let l(i) = -i + 1. Let g(m) = -4*l(m) + p(m). Let s be g(-7). Let o = -28 - -53. Calculate the highest common factor of s and o.
25
Let n = -156 - -51. Let r be (1/3)/((-7)/n). Suppose 396 = 2*w + 3*u, -82 + 1072 = r*w + 2*u. Calculate the greatest common factor of 18 and w.
18
Let w be (104/18)/((-26)/(-117)). What is the greatest common factor of 325 and w?
13
Let j be 4/(-18) - (-8468)/522. Calculate the greatest common factor of j and 136.
8
Let c(f) = 2*f**2 - 153*f + 1072. Let v be c(7). Let g(o) = 9*o. Let i be g(1). What is the greatest common factor of i and v?
9
Suppos